n factor of 11480 and 35000.
280
Calculate the highest common divisor of 25 and 173425.
25
What is the highest common factor of 14530 and 2735?
5
What is the greatest common factor of 2819160 and 6112?
1528
What is the greatest common divisor of 2466 and 198?
18
What is the greatest common factor of 328 and 165032?
8
What is the highest common factor of 1111 and 2195740?
101
Calculate the highest common factor of 12608 and 4024.
8
Calculate the highest common divisor of 214286 and 5526.
614
What is the greatest common divisor of 28 and 28189?
7
Calculate the greatest common factor of 13 and 5910957.
13
What is the greatest common factor of 2871869 and 741?
247
What is the highest common factor of 374 and 8338?
22
Calculate the highest common factor of 165 and 366685.
55
Calculate the greatest common divisor of 688 and 416.
16
What is the greatest common divisor of 954602 and 110?
22
Calculate the highest common factor of 14 and 10904.
2
Calculate the greatest common divisor of 5814 and 3474.
18
What is the greatest common divisor of 534500 and 400?
100
What is the highest common factor of 176 and 1994168?
88
What is the highest common divisor of 1003672 and 872?
872
Calculate the highest common divisor of 4012 and 1020.
68
What is the highest common divisor of 226 and 1139718?
226
Calculate the highest common divisor of 668 and 691.
1
What is the greatest common factor of 441 and 7537572?
441
Calculate the greatest common divisor of 297670 and 44290.
1030
Calculate the highest common divisor of 75 and 880675.
25
What is the highest common factor of 3016751 and 43?
43
What is the greatest common divisor of 3068402 and 226?
226
Calculate the highest common divisor of 27370 and 518840.
1190
What is the highest common factor of 16822 and 855334?
1294
Calculate the greatest common factor of 130872 and 1330.
266
Calculate the greatest common factor of 10778 and 544.
34
Calculate the highest common factor of 6586 and 185.
37
What is the highest common factor of 6 and 175317?
3
Calculate the greatest common factor of 42480 and 14.
2
Calculate the greatest common factor of 6726 and 56544.
114
What is the greatest common factor of 1641922 and 58?
58
Calculate the greatest common factor of 30 and 198285.
15
What is the greatest common factor of 871662 and 165?
33
Calculate the greatest common factor of 39081 and 231.
21
Calculate the greatest common factor of 15 and 273345.
15
Calculate the highest common divisor of 66 and 42482.
22
What is the highest common factor of 9065 and 370?
185
Calculate the greatest common divisor of 159297 and 58.
29
What is the greatest common factor of 150267 and 91?
13
Calculate the greatest common divisor of 515393 and 113.
113
What is the highest common factor of 2990 and 78910?
130
What is the highest common divisor of 15662 and 246?
82
What is the greatest common divisor of 118723 and 1004?
251
Calculate the highest common divisor of 10 and 3555.
5
What is the greatest common divisor of 8064355 and 195?
65
What is the highest common divisor of 6090 and 6720?
210
What is the highest common divisor of 516 and 1812?
12
What is the highest common divisor of 21 and 74123?
7
What is the greatest common divisor of 82 and 127510?
82
What is the highest common factor of 4401 and 72?
9
Calculate the greatest common factor of 136 and 39406.
34
What is the highest common factor of 3520 and 1980?
220
Calculate the highest common factor of 201070 and 20.
10
What is the highest common divisor of 6051 and 123?
3
Calculate the greatest common factor of 1260 and 77940.
180
What is the greatest common factor of 1368334 and 5698?
814
Calculate the highest common factor of 822585 and 3660.
915
What is the greatest common factor of 2364 and 1080?
12
Calculate the highest common factor of 128 and 22320.
16
What is the greatest common divisor of 1420 and 30388?
284
Calculate the greatest common divisor of 250 and 108250.
250
Calculate the greatest common divisor of 1002 and 438.
6
What is the greatest common divisor of 4830 and 16698?
138
What is the highest common divisor of 96822 and 9504?
594
Calculate the highest common factor of 7276 and 102.
34
Calculate the highest common factor of 7968 and 624.
48
What is the greatest common factor of 94640 and 160?
80
What is the greatest common factor of 36994 and 12564?
698
What is the highest common factor of 289 and 6453948?
289
Calculate the greatest common factor of 5572164 and 828.
276
Calculate the greatest common factor of 4293 and 5697.
27
What is the highest common divisor of 40530 and 910?
70
Calculate the greatest common factor of 2320 and 2233.
29
Calculate the highest common factor of 71553 and 138.
69
What is the highest common factor of 670221 and 206?
103
Calculate the greatest common factor of 4810788 and 36.
36
What is the highest common factor of 1750 and 465850?
350
What is the highest common divisor of 4502 and 2?
2
What is the greatest common factor of 6435 and 5040?
45
Calculate the highest common divisor of 6270 and 1430.
110
What is the highest common factor of 2 and 66376?
2
Calculate the greatest common divisor of 2040 and 260610.
510
What is the greatest common factor of 65159 and 713?
23
Calculate the highest common factor of 4610 and 22070.
10
What is the greatest common factor of 234 and 72722?
26
What is the highest common factor of 1240 and 26905?
5
What is the greatest common factor of 107420 and 1020?
20
Calculate the highest common factor of 2955 and 69.
3
What is the highest common factor of 1968 and 11290416?
1968
Calculate the greatest common divisor of 90 and 9684.
18
Calculate the highest common factor of 930 and 635190.
930
Calculate the greatest common factor of 358137 and 234.
117
What is the greatest common divisor of 898 and 1187605?
449
What is the highest common factor of 60878 and 488?
122
Calculate the greatest common factor of 22508 and 272.
68
Calculate the greatest common factor of 3542 and 584752.
322
What is the greatest common factor of 5957077 and 122?
61
Calculate the greatest common factor of 228 and 104804.
76
What is the highest common divisor of 68080 and 3885?
185
What is the highest common factor of 8 and 951?
1
Calculate the greatest common factor of 6 and 61854.
6
What is the greatest common divisor of 136 and 108392?
136
Calculate the greatest common divisor of 60826 and 85.
17
Calculate the greatest common divisor of 781430 and 650.
130
Calculate the highest common factor of 955 and 103331.
191
Calculate the greatest common divisor of 11316 and 483.
69
What is the greatest common divisor of 16 and 2200832?
16
Calculate the greatest common divisor of 1127 and 22736.
49
Calculate the greatest common factor of 3910 and 1802.
34
Calculate the greatest common factor of 22887720 and 90.
90
Calculate the highest common divisor of 18 and 20974.
2
Calculate the highest common factor of 1008 and 14000.
112
Calculate the greatest common factor of 736 and 16767.
23
Calculate the greatest common divisor of 475 and 5909.
19
Calculate the greatest common divisor of 605 and 22385.
605
Calculate the greatest common divisor of 78464 and 896.
128
Calculate the highest common factor of 4923184 and 56.
56
Calculate the highest common factor of 460159 and 49.
49
What is the greatest common divisor of 2832 and 44368?
944
What is the highest common factor of 668 and 5578134?
334
Calculate the greatest common divisor of 1128 and 428217.
141
What is the greatest common divisor of 56 and 2441432?
56
What is the highest common factor of 8 and 867?
1
What is the greatest common factor of 2068947 and 261?
261
Calculate the highest common divisor of 2413 and 665.
19
What is the greatest common factor of 770 and 73535?
385
Calculate the highest common factor of 253470 and 4080.
510
Calculate the highest common factor of 163072 and 7488.
832
What is the highest common factor of 73813 and 2007?
223
What is the highest common divisor of 2680280 and 4440?
1480
Calculate the greatest common factor of 3136 and 24010.
98
Calculate the highest common divisor of 1007930 and 238.
238
Calculate the highest common divisor of 709 and 18.
1
Calculate the highest common factor of 180598 and 33.
11
What is the greatest common factor of 283054 and 14122?
614
What is the highe